{"id":57,"date":"2021-08-22T15:18:57","date_gmt":"2021-08-22T15:18:57","guid":{"rendered":"https:\/\/trsf.site\/?page_id=57"},"modified":"2025-12-19T10:32:28","modified_gmt":"2025-12-19T10:32:28","slug":"home","status":"publish","type":"page","link":"https:\/\/myanmarsupport.org\/","title":{"rendered":"Home"},"content":{"rendered":"\n<div style=\"height:78px\" aria-hidden=\"true\" class=\"wp-block-spacer\"><\/div>\n\n\n\n<h1 class=\"wp-block-heading has-text-align-center has-black-color has-text-color has-background has-link-color wp-elements-faf8b3728bd4712e9c23115c73c3bf33\" style=\"background-color:#9aceff29;font-size:30px;letter-spacing:1px\"><strong>Willkommen auf der Webseite des<br>Myanmar Cultures and Languages Support Project MCL<\/strong><br><br><strong>\u1019\u103c\u1014\u103a\u1019\u102c\u1037\u101a\u1009\u103a\u1000\u103b\u1031\u1038\u1019\u103e\u102f\u1014\u103e\u1004\u1037\u103a\u1018\u102c\u101e\u102c\u1005\u1000\u102c\u1038\u1019\u103b\u102c\u1038\u1011\u1031\u102c\u1000\u103a\u1015\u1036\u1037\u101b\u1031\u1038<\/strong><\/h1>\n\n\n\n<div style=\"height:80px\" aria-hidden=\"true\" class=\"wp-block-spacer\"><\/div>\n\n\n\n<div class=\"wp-block-columns is-layout-flex wp-container-core-columns-is-layout-9d6595d7 wp-block-columns-is-layout-flex\">\n<div class=\"wp-block-column is-layout-flow wp-block-column-is-layout-flow\" style=\"flex-basis:100%\">\n<div class=\"wp-block-group\"><div class=\"wp-block-group__inner-container is-layout-constrained wp-block-group-is-layout-constrained\">\n<div class=\"wp-block-jetpack-tiled-gallery aligncenter is-style-rectangular\"><div class=\"\"><div class=\"tiled-gallery__gallery\"><div class=\"tiled-gallery__row\"><div class=\"tiled-gallery__col\" style=\"flex-basis:48.30630%\"><figure class=\"tiled-gallery__item\"><img decoding=\"async\" srcset=\"https:\/\/i0.wp.com\/trsf.site\/wp-content\/uploads\/2025\/12\/village3.png?strip=info&#038;w=600&#038;ssl=1 600w,https:\/\/i0.wp.com\/trsf.site\/wp-content\/uploads\/2025\/12\/village3.png?strip=info&#038;w=900&#038;ssl=1 900w,https:\/\/i0.wp.com\/trsf.site\/wp-content\/uploads\/2025\/12\/village3.png?strip=info&#038;w=978&#038;ssl=1 978w\" alt=\"\" data-height=\"588\" data-id=\"1767\" data-link=\"https:\/\/myanmarsupport.org\/index.php\/home\/village3-2\/\" data-url=\"https:\/\/myanmarsupport.org\/wp-content\/uploads\/2025\/12\/village3.png\" data-width=\"978\" src=\"https:\/\/i0.wp.com\/trsf.site\/wp-content\/uploads\/2025\/12\/village3.png?ssl=1\" data-amp-layout=\"responsive\" aria-label=\"Open image 1 of 2 in full-screen\"\/><\/figure><\/div><div class=\"tiled-gallery__col\" style=\"flex-basis:51.69370%\"><figure class=\"tiled-gallery__item\"><img decoding=\"async\" srcset=\"https:\/\/i0.wp.com\/trsf.site\/wp-content\/uploads\/2025\/12\/pvid_4580-1-1024x575.jpg?strip=info&#038;w=600&#038;ssl=1 600w,https:\/\/i0.wp.com\/trsf.site\/wp-content\/uploads\/2025\/12\/pvid_4580-1-1024x575.jpg?strip=info&#038;w=900&#038;ssl=1 900w,https:\/\/i0.wp.com\/trsf.site\/wp-content\/uploads\/2025\/12\/pvid_4580-1-1024x575.jpg?strip=info&#038;w=1200&#038;ssl=1 1200w,https:\/\/i0.wp.com\/trsf.site\/wp-content\/uploads\/2025\/12\/pvid_4580-1-1024x575.jpg?strip=info&#038;w=1500&#038;ssl=1 1500w,https:\/\/i0.wp.com\/trsf.site\/wp-content\/uploads\/2025\/12\/pvid_4580-1-1024x575.jpg?strip=info&#038;w=1800&#038;ssl=1 1800w,https:\/\/i0.wp.com\/trsf.site\/wp-content\/uploads\/2025\/12\/pvid_4580-1-1024x575.jpg?strip=info&#038;w=2000&#038;ssl=1 2000w\" alt=\"\" data-height=\"1438\" data-id=\"1769\" data-link=\"https:\/\/myanmarsupport.org\/index.php\/home\/pvid_4580-2\/\" data-url=\"https:\/\/myanmarsupport.org\/wp-content\/uploads\/2025\/12\/pvid_4580-1-1024x575.jpg\" data-width=\"2560\" src=\"https:\/\/i0.wp.com\/trsf.site\/wp-content\/uploads\/2025\/12\/pvid_4580-1-1024x575.jpg?ssl=1\" data-amp-layout=\"responsive\" aria-label=\"Open image 2 of 2 in full-screen\"\/><\/figure><\/div><\/div><\/div><\/div><\/div>\n<\/div><\/div>\n<\/div>\n<\/div>\n\n\n\n<div style=\"height:45px\" aria-hidden=\"true\" class=\"wp-block-spacer\"><\/div>\n\n\n\n<p class=\"has-black-color has-text-color has-background has-link-color wp-elements-d0fb8cd7ea3fcb0bb4d86b5eaaf63f44\" style=\"background:linear-gradient(135deg,rgba(154,206,255,0.16) 0%,rgba(171,183,194,0.16) 100%);font-size:22px\">Wir setzen uns ein f\u00fcr die F\u00f6rderung aller Kulturen und Sprachen in Burma\/Myanmar \u2013 mit besonderem Augenmerk auf sozialen Zusammenhalt, und die St\u00e4rkung des kulturellen Bewusstseins durch Dokumentation, Forschung und Vernetzung.<\/p>\n\n\n\n<div style=\"height:92px\" aria-hidden=\"true\" class=\"wp-block-spacer\"><\/div>\n\n\n\n<div class=\"wp-block-buttons is-horizontal is-content-justification-center is-nowrap is-layout-flex wp-container-core-buttons-is-layout-6c13f5c1 wp-block-buttons-is-layout-flex\">\n<div class=\"wp-block-button has-custom-width wp-block-button__width-50\"><a class=\"wp-block-button__link has-text-color has-background has-link-color has-custom-font-size wp-element-button\" href=\"https:\/\/myanmarsupport.org\/index.php\/home\/was-wir-machen\/\" style=\"color:#d4e7ff;background:linear-gradient(135deg,rgba(50,51,102,0.93) 1%,rgba(81,136,224,0.95) 100%);font-size:28px;font-style:normal;font-weight:100;letter-spacing:1px\" target=\"_blank\" rel=\"noreferrer noopener\">Was wir<br>machen<\/a><\/div>\n\n\n\n<div class=\"wp-block-button has-custom-width wp-block-button__width-50\"><a class=\"wp-block-button__link has-text-color has-background has-link-color has-custom-font-size wp-element-button\" href=\"https:\/\/myanmarsupport.org\/index.php\/home\/wer-wir-sind\/\" style=\"color:#d4e7ff;background:linear-gradient(135deg,rgba(0,57,163,0.78) 1%,rgba(163,198,255,0.95) 100%);font-size:28px;font-style:normal;font-weight:100;letter-spacing:1px\" target=\"_blank\" rel=\"noreferrer noopener\">Wer wir<br>sind<\/a><\/div>\n<\/div>\n\n\n\n<p><\/p>\n\n\n\n<div class=\"wp-block-buttons is-horizontal is-content-justification-center is-nowrap is-layout-flex wp-container-core-buttons-is-layout-6c13f5c1 wp-block-buttons-is-layout-flex\">\n<div class=\"wp-block-button has-custom-width wp-block-button__width-50\"><a class=\"wp-block-button__link has-text-color has-background has-link-color has-custom-font-size wp-element-button\" href=\"https:\/\/myanmarsupport.org\/index.php\/home\/burma-myanmar\/\" style=\"color:#d4e7ff;background:linear-gradient(135deg,rgba(0,57,163,0.85) 1%,rgb(159,196,255) 100%);font-size:28px;font-style:normal;font-weight:100;letter-spacing:1px\" target=\"_blank\" rel=\"noreferrer noopener\">Burma\/<br>Myanmar<\/a><\/div>\n\n\n\n<div class=\"wp-block-button has-custom-width wp-block-button__width-25\"><a class=\"wp-block-button__link has-text-color has-background has-link-color has-custom-font-size wp-element-button\" href=\"https:\/\/myanmarsupport.org\/index.php\/home\/mcl-unterstuetzen\/\" style=\"color:#d4e7ff;background:linear-gradient(135deg,rgba(76,77,136,0.86) 1%,rgba(90,144,230,0.95) 100%);font-size:28px;font-style:normal;font-weight:100;letter-spacing:1px\" target=\"_blank\" rel=\"noreferrer noopener\">MCL unterst\u00fctzen<\/a><\/div>\n<\/div>\n\n\n\n<div class=\"wp-block-group\"><div class=\"wp-block-group__inner-container is-layout-constrained wp-block-group-is-layout-constrained\">\n<div style=\"height:92px\" aria-hidden=\"true\" class=\"wp-block-spacer\"><\/div>\n<\/div><\/div>\n\n\n\n<p><\/p>\n\n\n\n<p class=\"has-black-color has-text-color has-background has-link-color wp-elements-09594ef628641c878d4988751da88fa0\" style=\"background:linear-gradient(135deg,rgba(154,206,255,0.16) 0%,rgba(171,183,194,0.16) 100%);font-size:22px\">Sprache und Kultur, einschliesslich Alltagskultur, sind fundamentale Teile der Identit\u00e4t und des Lebens jedes Menschen. In einem multikulturellen und vielsprachigen Land wie Myanmar ist es besonders wichtig, dass die verschiedenen Sprachen und Kulturen gleichberechtigt nebeneinander existieren und gepflegt werden k\u00f6nnen. Der Verein <strong>Myanmar Cultures and Languages Support Project (MCL)<\/strong> unterst\u00fctzt deshalb die Menschen und V\u00f6lker in Myanmar und in der Diaspora in ihren Bestrebungen, ihre kulturelle Identit\u00e4t in allen Bereichen zu erhalten, zu f\u00f6rdern und weiterzugeben. Dazu geh\u00f6ren die <strong>Aus- und Weiterbildung von Kindern und Erwachsenen<\/strong> und die Bereitstellung des daf\u00fcr notwendigen <strong>Unterrichtsmaterials<\/strong>. Daneben bem\u00fcht sich der MCL um die wissenschaftliche Erforschung der verschiedenen Volksgruppen, insbesondere durch die Vermittlung und Unterst\u00fctzung von internationalen akademischen <strong>Forschungsarbeiten<\/strong>. <br><br>Der MCL unterst\u00fctzt zivilgesellschaftliche Bildungsinitiativen vor Ort, mit besonderem Fokus auf friedliche <strong>kulturelle Koexistenz<\/strong> und F\u00f6rderung des Demokratisierungsprozesses und der Menschenrechte in einem f\u00f6deralistischen Staat. Zudem leistet der MCL die n\u00f6tige <strong>humanit\u00e4re Hilfe<\/strong>, durch Sicherstellung von Nahrungsmitteln und medizinischer Versorgung, um Bildung \u00fcberhaupt erst m\u00f6glich zu machen.<br><br>Der Verein ist politisch und konfessionell unabh\u00e4ngig. Er verfolgt keine kommerziellen Zwecke und erstrebt keinen Gewinn.<\/p>\n\n\n\n<div style=\"height:61px\" aria-hidden=\"true\" class=\"wp-block-spacer\"><\/div>\n\n\n\n<p class=\"has-text-align-center has-black-color has-text-color has-background has-link-color has-medium-font-size wp-elements-2f398cb7ea53ceb243fd76c779ff0a69\" style=\"background-color:#abb7c229\">Kontakt: info@myanmarsupport.org<\/p>\n\n\n\n<p class=\"has-black-color has-text-color has-link-color wp-elements-9ac00cf961d1ea846fe5a532228b76c6\"><\/p>\n\n\n\n<p class=\"has-black-color has-text-color has-link-color wp-elements-9ac00cf961d1ea846fe5a532228b76c6\"><\/p>\n\n\n\n<p><\/p>\n\n\n\n<div class=\"wp-block-columns is-layout-flex wp-container-core-columns-is-layout-9d6595d7 wp-block-columns-is-layout-flex\">\n<div class=\"wp-block-column is-layout-flow wp-block-column-is-layout-flow\" style=\"flex-basis:100%\"><\/div>\n<\/div>\n\n\n\n<p><\/p>\n\n\n\n<p><\/p>\n\n\n\n<p><\/p>\n","protected":false},"excerpt":{"rendered":"<p>Willkommen auf der Webseite desMyanmar Cultures and Languages Support Project MCL \u1019\u103c\u1014\u103a\u1019\u102c\u1037\u101a\u1009\u103a\u1000\u103b\u1031\u1038\u1019\u103e\u102f\u1014\u103e\u1004\u1037\u103a\u1018\u102c\u101e\u102c\u1005\u1000\u102c\u1038\u1019\u103b\u102c\u1038\u1011\u1031\u102c\u1000\u103a\u1015\u1036\u1037\u101b\u1031\u1038 Wir setzen uns ein f\u00fcr die F\u00f6rderung aller Kulturen und Sprachen in Burma\/Myanmar \u2013 mit besonderem Augenmerk auf sozialen Zusammenhalt, und die St\u00e4rkung des kulturellen Bewusstseins durch Dokumentation, Forschung und Vernetzung. Sprache und Kultur, einschliesslich Alltagskultur, sind fundamentale Teile der Identit\u00e4t und des [&hellip;]<\/p>\n","protected":false},"author":1,"featured_media":0,"parent":0,"menu_order":0,"comment_status":"closed","ping_status":"closed","template":"","meta":{"_monsterinsights_skip_tracking":false,"_monsterinsights_sitenote_active":false,"_monsterinsights_sitenote_note":"","_monsterinsights_sitenote_category":0,"footnotes":""},"class_list":["post-57","page","type-page","status-publish","hentry"],"aioseo_notices":[],"jetpack_sharing_enabled":true,"_links":{"self":[{"href":"https:\/\/myanmarsupport.org\/index.php\/wp-json\/wp\/v2\/pages\/57","targetHints":{"allow":["GET"]}}],"collection":[{"href":"https:\/\/myanmarsupport.org\/index.php\/wp-json\/wp\/v2\/pages"}],"about":[{"href":"https:\/\/myanmarsupport.org\/index.php\/wp-json\/wp\/v2\/types\/page"}],"author":[{"embeddable":true,"href":"https:\/\/myanmarsupport.org\/index.php\/wp-json\/wp\/v2\/users\/1"}],"replies":[{"embeddable":true,"href":"https:\/\/myanmarsupport.org\/index.php\/wp-json\/wp\/v2\/comments?post=57"}],"version-history":[{"count":252,"href":"https:\/\/myanmarsupport.org\/index.php\/wp-json\/wp\/v2\/pages\/57\/revisions"}],"predecessor-version":[{"id":1901,"href":"https:\/\/myanmarsupport.org\/index.php\/wp-json\/wp\/v2\/pages\/57\/revisions\/1901"}],"wp:attachment":[{"href":"https:\/\/myanmarsupport.org\/index.php\/wp-json\/wp\/v2\/media?parent=57"}],"curies":[{"name":"wp","href":"https:\/\/api.w.org\/{rel}","templated":true}]}}