{"id":644,"date":"2024-09-06T02:41:28","date_gmt":"2024-09-06T02:41:28","guid":{"rendered":"https:\/\/trsf.site\/?page_id=644"},"modified":"2025-12-19T16:44:00","modified_gmt":"2025-12-19T16:44:00","slug":"mcl-unterstuetzen","status":"publish","type":"page","link":"https:\/\/myanmarsupport.org\/index.php\/home\/mcl-unterstuetzen\/","title":{"rendered":"MCL unterst\u00fctzen"},"content":{"rendered":"\n<div style=\"height:40px\" aria-hidden=\"true\" class=\"wp-block-spacer\"><\/div>\n\n\n\n<p class=\"has-text-align-left has-black-color has-text-color has-background has-link-color wp-elements-8a3196d6d4f28a8dce471f27abc70327\" style=\"background-color:#9aceff29;font-size:22px\"><strong>Kontakt<\/strong><br><br>M\u00f6chten Sie mehr \u00fcber unseren Verein und seine T\u00e4tigkeiten erfahren, oder sich pers\u00f6nlich engagieren? Dann kontaktieren Sie uns gerne, wir freuen uns!<br><br><\/p>\n\n\n\n<div style=\"height:48px\" aria-hidden=\"true\" class=\"wp-block-spacer\"><\/div>\n\n\n\n<div class=\"wp-block-group\"><div class=\"wp-block-group__inner-container is-layout-constrained wp-block-group-is-layout-constrained\">\n<div class=\"wp-block-columns has-black-color has-text-color has-background has-link-color wp-elements-eeb511e4ecfefbdddaa9c165a1f292d0 is-layout-flex wp-container-core-columns-is-layout-9d6595d7 wp-block-columns-is-layout-flex\" style=\"background-color:#9aceff29;font-size:20px\">\n<div class=\"wp-block-column is-vertically-aligned-center is-layout-flow wp-block-column-is-layout-flow\">\n<p class=\"has-black-color has-text-color has-background has-link-color wp-elements-24cbe512c58f6f372cc6d7d57ca5da42\" style=\"background-color:#9aceff29;font-size:20px\">Email:<br>info [at] myanmarsupport.org<\/p>\n<\/div>\n\n\n\n<div class=\"wp-block-column is-vertically-aligned-top is-layout-flow wp-block-column-is-layout-flow\">\n<p class=\"has-black-color has-text-color has-background has-link-color wp-elements-0d9d861d4ad2786c6948f4924a783760\" style=\"background-color:#9aceff29;font-size:20px\">Postadresse:<br><em>MCL<br>Bergstrasse 20<br>CH-8044 Z\u00fcrich<\/em><\/p>\n<\/div>\n<\/div>\n<\/div><\/div>\n\n\n\n<div style=\"height:32px\" aria-hidden=\"true\" class=\"wp-block-spacer\"><\/div>\n\n\n\n<p class=\"has-text-align-left has-black-color has-text-color has-background has-link-color wp-elements-ce5a21cc01072c9e3bd41b5f6f881eca\" style=\"background-color:#9aceff29;font-size:22px\"><br>Wir arbeiten alle ehrenamtlich, sind aber f\u00fcr die Umsetzung der Projekte auf finanzielle Unterst\u00fctzung angewiesen. Mitgliederbeitr\u00e4ge und Spenden sind deshalb herzlich willkommen.<br><br><\/p>\n\n\n\n<div style=\"height:33px\" aria-hidden=\"true\" class=\"wp-block-spacer\"><\/div>\n\n\n<div class=\"wp-block-image\">\n<figure class=\"alignleft size-full is-resized\"><img loading=\"lazy\" decoding=\"async\" width=\"734\" height=\"758\" src=\"https:\/\/myanmarsupport.org\/wp-content\/uploads\/2025\/12\/logo.jpg\" alt=\"\" class=\"wp-image-2023\" style=\"width:171px;height:auto\" srcset=\"https:\/\/myanmarsupport.org\/wp-content\/uploads\/2025\/12\/logo.jpg 734w, https:\/\/myanmarsupport.org\/wp-content\/uploads\/2025\/12\/logo-291x300.jpg 291w\" sizes=\"auto, (max-width: 734px) 100vw, 734px\" \/><\/figure>\n<\/div>\n\n\n<p class=\"has-black-color has-text-color has-background has-link-color wp-elements-02c1b5f5d09cfa4269ff95be3e5fbc08\" style=\"background-color:#9aceff29;font-size:22px\"><strong>MCL Mitgliedschaft<\/strong><br><br><em>Mitglied werden als Einzelperson (CHF 40)<br>Mitglied werden als Paar\/Familie (CHF 60)<\/em><br><br>Postfinance IBAN CH49 0900 0000 8716 5348 6.<\/p>\n\n\n\n<div style=\"height:29px\" aria-hidden=\"true\" class=\"wp-block-spacer\"><\/div>\n\n\n\n<p class=\"has-black-color has-text-color has-background has-link-color wp-elements-f318047d5f38548649f8aeb83fc24f98\" style=\"background-color:#9aceff29;font-size:22px\"><strong>Spenden f\u00fcr den MCL<\/strong><br><br>Postfinance IBAN CH49 0900 0000 8716 5348 6<br><br>\u279c Falls Sie m\u00f6chten, dass Ihre Spende f\u00fcr ein ganz bestimmtes Projekt eingesetzt wird, vermerken Sie dies gerne bei der Einzahlung.<\/p>\n\n\n\n<div style=\"height:91px\" aria-hidden=\"true\" class=\"wp-block-spacer\"><\/div>\n\n\n\n<p class=\"has-black-color has-text-color has-background has-link-color wp-elements-b089ccd4b2f0dfd25b7542f2be0eca5c\" style=\"background-color:#abb7c229;font-size:22px\">Mit Verf\u00fcgungen des Kantonalen Steueramtes Z\u00fcrich vom 7. November 2002 und 6. August 2021 wurde der Verein &nbsp;MCL mit Sitz in Z\u00fcrich wegen Verfolgung von gemeinn\u00fctzigen Zwecken steuerfrei erkl\u00e4rt. Mitgliederbeitr\u00e4ge und Spenden an den Verein sind steuerlich deshalb vollumf\u00e4nglich abzugsberechtigt.<\/p>\n\n\n\n<p><\/p>\n","protected":false},"excerpt":{"rendered":"<p>Kontakt M\u00f6chten Sie mehr \u00fcber unseren Verein und seine T\u00e4tigkeiten erfahren, oder sich pers\u00f6nlich engagieren? Dann kontaktieren Sie uns gerne, wir freuen uns! Email:info [at] myanmarsupport.org Postadresse:MCLBergstrasse 20CH-8044 Z\u00fcrich Wir arbeiten alle ehrenamtlich, sind aber f\u00fcr die Umsetzung der Projekte auf finanzielle Unterst\u00fctzung angewiesen. Mitgliederbeitr\u00e4ge und Spenden sind deshalb herzlich willkommen. MCL Mitgliedschaft Mitglied werden [&hellip;]<\/p>\n","protected":false},"author":1,"featured_media":0,"parent":57,"menu_order":0,"comment_status":"closed","ping_status":"closed","template":"","meta":{"_monsterinsights_skip_tracking":false,"_monsterinsights_sitenote_active":false,"_monsterinsights_sitenote_note":"","_monsterinsights_sitenote_category":0,"footnotes":""},"class_list":["post-644","page","type-page","status-publish","hentry"],"aioseo_notices":[],"jetpack_sharing_enabled":true,"_links":{"self":[{"href":"https:\/\/myanmarsupport.org\/index.php\/wp-json\/wp\/v2\/pages\/644","targetHints":{"allow":["GET"]}}],"collection":[{"href":"https:\/\/myanmarsupport.org\/index.php\/wp-json\/wp\/v2\/pages"}],"about":[{"href":"https:\/\/myanmarsupport.org\/index.php\/wp-json\/wp\/v2\/types\/page"}],"author":[{"embeddable":true,"href":"https:\/\/myanmarsupport.org\/index.php\/wp-json\/wp\/v2\/users\/1"}],"replies":[{"embeddable":true,"href":"https:\/\/myanmarsupport.org\/index.php\/wp-json\/wp\/v2\/comments?post=644"}],"version-history":[{"count":87,"href":"https:\/\/myanmarsupport.org\/index.php\/wp-json\/wp\/v2\/pages\/644\/revisions"}],"predecessor-version":[{"id":2031,"href":"https:\/\/myanmarsupport.org\/index.php\/wp-json\/wp\/v2\/pages\/644\/revisions\/2031"}],"up":[{"embeddable":true,"href":"https:\/\/myanmarsupport.org\/index.php\/wp-json\/wp\/v2\/pages\/57"}],"wp:attachment":[{"href":"https:\/\/myanmarsupport.org\/index.php\/wp-json\/wp\/v2\/media?parent=644"}],"curies":[{"name":"wp","href":"https:\/\/api.w.org\/{rel}","templated":true}]}}